{"id":648,"date":"2018-07-13T00:22:02","date_gmt":"2018-07-13T00:22:02","guid":{"rendered":"http:\/\/travexxxuras.com\/sexshop\/?post_type=product&#038;p=648"},"modified":"2020-09-23T00:11:03","modified_gmt":"2020-09-23T00:11:03","slug":"real-feel-toyz-no-6","status":"publish","type":"product","link":"https:\/\/travexxxuras.com\/sexshop\/producto\/real-feel-toyz-no-6\/","title":{"rendered":"Real Feel Toyz  No. 6"},"content":{"rendered":"<p>Disfruta de la &#8220;Real Feel&#8221; de una piel s\u00faper suave y realista con este ambiente incre\u00edblemente realista. Hecho de Fanta-Flesh libre de ftalatos, el material blando imita la suavidad y la sensaci\u00f3n de la piel real y se siente tan natural como puedas. Elija una velocidad en la base del dial y disfrute de poderosas vibraciones a medida que el dong se calienta r\u00e1pidamente a la temperatura de su cuerpo. \u00a1Pru\u00e9balo en la ducha o en el spa y convierte la hora del ba\u00f1o en un placer!<\/p>\n<p>Use mucha loci\u00f3n h\u00fameda para el cuerpo para un encuentro extra h\u00famedo y extra salvaje. La limpieza es muy f\u00e1cil despu\u00e9s de la diversi\u00f3n con Pipedream Toy Cleaner y agua tibia.<\/p>\n","protected":false},"excerpt":{"rendered":"<p>Disfruta de la &#8220;Real Feel&#8221; de una piel s\u00faper suave y realista con este ambiente incre\u00edblemente realista. Hecho de Fanta-Flesh libre de ftalatos, el material blando imita la suavidad y la sensaci\u00f3n de la piel real y se siente tan natural como puedas. Elija una velocidad en la base del dial y disfrute de poderosas vibraciones a medida que el dong se calienta r\u00e1pidamente a la temperatura de su cuerpo. \u00a1Pru\u00e9balo en la ducha o en el spa y convierte la hora del ba\u00f1o en un placer!<\/p>\n<p>Use mucha loci\u00f3n h\u00fameda para el cuerpo para un encuentro extra h\u00famedo y extra salvaje. La limpieza es muy f\u00e1cil despu\u00e9s de la diversi\u00f3n con Pipedream Toy Cleaner y agua tibia.<br \/>\n<img src=\"https:\/\/travexxxuras.com\/sexshop\/wp-content\/themes\/storefront\/images\/pagos.png\" \/><\/p>\n","protected":false},"featured_media":674,"comment_status":"closed","ping_status":"closed","template":"","meta":[],"_links":{"self":[{"href":"https:\/\/travexxxuras.com\/sexshop\/wp-json\/wp\/v2\/product\/648"}],"collection":[{"href":"https:\/\/travexxxuras.com\/sexshop\/wp-json\/wp\/v2\/product"}],"about":[{"href":"https:\/\/travexxxuras.com\/sexshop\/wp-json\/wp\/v2\/types\/product"}],"replies":[{"embeddable":true,"href":"https:\/\/travexxxuras.com\/sexshop\/wp-json\/wp\/v2\/comments?post=648"}],"wp:featuredmedia":[{"embeddable":true,"href":"https:\/\/travexxxuras.com\/sexshop\/wp-json\/wp\/v2\/media\/674"}],"wp:attachment":[{"href":"https:\/\/travexxxuras.com\/sexshop\/wp-json\/wp\/v2\/media?parent=648"}],"curies":[{"name":"wp","href":"https:\/\/api.w.org\/{rel}","templated":true}]}}