{"id":3073,"date":"2022-05-14T23:32:59","date_gmt":"2022-05-14T23:32:59","guid":{"rendered":"https:\/\/travexxxuras.com\/sexshop\/?post_type=product&#038;p=3073"},"modified":"2022-06-14T22:24:24","modified_gmt":"2022-06-14T22:24:24","slug":"power-panty-kit-juego-de-3-rosa","status":"publish","type":"product","link":"https:\/\/travexxxuras.com\/sexshop\/producto\/power-panty-kit-juego-de-3-rosa\/","title":{"rendered":"Power Panty Kit (juego de 3) &#8211; Rosa"},"content":{"rendered":"<p>\u00a1Enciende tus bragas con este kit de placer oculto!\u00a0Este par de bragas negras de encaje se adapta a la mayor\u00eda de los tama\u00f1os y cuenta con un bolsillo vibrador para el vibrador de bala incluido.\u00a0Perfecto para jugar en casa: \u00a1haga que su amante se ponga este par de bragas y h\u00e1galo sonar cuando menos lo espere con el control remoto incluido!\u00a0El control remoto funciona hasta 25 pies (7,6 m) y funciona con 1 bater\u00eda CR2032 (incluida).<\/p>\n<p>Cambia a trav\u00e9s de 4 velocidades y 7 patrones de vibraciones y disfruta viendo a tu amante temblar y saltar a la nueva y poderosa sensaci\u00f3n en sus bragas.\u00a0Atr\u00e1palos mientras lavan la ropa, lavan los platos u otros mandados en la casa y dales un toque para divertirse un poco.\u00a0\u00bfTe sientes un poco atrevido?\u00a0\u00a1Equ\u00edpate y sal a caminar y experimenta la emoci\u00f3n del discreto placer p\u00fablico!<\/p>\n<p>La venda de raso para los ojos incluida se puede incorporar en el dormitorio: util\u00edcelo junto con las bragas y la vibra de bala para aumentar los sentidos de sus amantes y elevar su placer a nuevas alturas.<\/p>\n<p>La vibraci\u00f3n aterciopelada de bala est\u00e1 hecha con silicona sedosa, libre de ftalatos y segura para el cuerpo para jugar sin preocupaciones.\u00a0\u00daselo solo con lubricantes a base de agua y rec\u00e1rguelo cuando la energ\u00eda se agote con el cable de carga USB incluido.\u00a0La impermeabilizaci\u00f3n IPX7 hace que esta bala sea f\u00e1cil de limpiar y f\u00e1cil de duchar.<\/p>\n<p>Incluido:<br \/>\n\u2022 \u00a1Golp\u00e9ame!\u00a0Venda de raso para los ojos<br \/>\n\u2022 Panty de encaje<br \/>\n\u2022 Bala vibradora 28X<br \/>\n\u2022 Controlador inal\u00e1mbrico con 1 bater\u00eda CR2032<br \/>\n\u2022 Cable de carga USB<\/p>\n<p>Medidas de la venda para los ojos: 7.5 pulgadas de largo, 3.25 pulgadas de ancho<br \/>\nMedidas de la bala: 3 pulgadas de largo, 0,8 pulgadas de ancho<br \/>\nMedidas de las bragas: talla \u00fanica<\/p>\n<p>Materiales: silicona, pl\u00e1stico ABS, tela<\/p>\n","protected":false},"excerpt":{"rendered":"<p>\u00a1Enciende tus bragas con este kit de placer oculto!\u00a0Este par de bragas negras de encaje se adapta a la mayor\u00eda de los tama\u00f1os y cuenta con un bolsillo vibrador para el vibrador de bala incluido.\u00a0Perfecto para jugar en casa: \u00a1haga que su amante se ponga este par de bragas y h\u00e1galo sonar cuando menos lo espere con el control remoto incluido!\u00a0El control remoto funciona hasta 25 pies (7,6 m) y funciona con 1 bater\u00eda CR2032 (incluida).<\/p>\n","protected":false},"featured_media":3074,"comment_status":"closed","ping_status":"closed","template":"","meta":[],"_links":{"self":[{"href":"https:\/\/travexxxuras.com\/sexshop\/wp-json\/wp\/v2\/product\/3073"}],"collection":[{"href":"https:\/\/travexxxuras.com\/sexshop\/wp-json\/wp\/v2\/product"}],"about":[{"href":"https:\/\/travexxxuras.com\/sexshop\/wp-json\/wp\/v2\/types\/product"}],"replies":[{"embeddable":true,"href":"https:\/\/travexxxuras.com\/sexshop\/wp-json\/wp\/v2\/comments?post=3073"}],"wp:featuredmedia":[{"embeddable":true,"href":"https:\/\/travexxxuras.com\/sexshop\/wp-json\/wp\/v2\/media\/3074"}],"wp:attachment":[{"href":"https:\/\/travexxxuras.com\/sexshop\/wp-json\/wp\/v2\/media?parent=3073"}],"curies":[{"name":"wp","href":"https:\/\/api.w.org\/{rel}","templated":true}]}}