{"id":2940,"date":"2022-05-10T00:16:41","date_gmt":"2022-05-10T00:16:41","guid":{"rendered":"https:\/\/travexxxuras.com\/sexshop\/?post_type=product&#038;p=2940"},"modified":"2022-05-10T17:49:12","modified_gmt":"2022-05-10T17:49:12","slug":"west-coast-wave-rider","status":"publish","type":"product","link":"https:\/\/travexxxuras.com\/sexshop\/producto\/west-coast-wave-rider\/","title":{"rendered":"West Coast Wave Rider"},"content":{"rendered":"<p>Libere el movimiento del oc\u00e9ano con el California Dreaming\u00ae West Coast Wave Rider. Este hermoso juguete para adultos con el color del oc\u00e9ano est\u00e1 hecho de silicona segura para el cuerpo y es&#8230; lo adivinaste: totalmente resistente al agua, para la comodidad de un dispositivo de uso en cualquier lugar.<\/p>\n<p>Este dispositivo tiene un potente masajeador giratorio &#8220;G&#8221; integrado en la cabeza del dispositivo, lo que garantiza que sepa exactamente d\u00f3nde est\u00e1n las buenas olas. El teaser de triple aleteo le da a este vibrador excepcional el viaje uno-dos que te has estado perdiendo. Con tres velocidades de acci\u00f3n giratoria &#8220;G&#8221; dentro del eje y 10 funciones de vibraci\u00f3n, pulsaci\u00f3n y escalada independientes integradas en el estimulador adjunto, siempre sentir\u00e1 su propio sistema personal de amigos en acci\u00f3n intensa.<\/p>\n<p>Con todas esas configuraciones, tambi\u00e9n apreciar\u00e1 el chip de memoria de \u00faltima generaci\u00f3n, que se reanudar\u00e1 en la \u00faltima funci\u00f3n que disfrut\u00f3. \u00bfTe sientes un poco m\u00e1s aventurero? El sistema de clic de dos botones (uno para el estimulador, otro para el eje) es f\u00e1cil de usar y cambia a sus preferencias m\u00e1s recientes.<\/p>\n<p>El bloqueo de viaje de encendido\/apagado de un bot\u00f3n incluye una retenci\u00f3n de 3 segundos, para que pueda viajar sin preocuparse por los ruidos de su equipaje.<\/p>\n<p>Este vibrador recargable por USB viene con el cable de carga incluido y se recargar\u00e1 completamente en solo 2,5 horas. Funcionando a alta velocidad durante 40 minutos en alta y 2,5 horas en baja, este masajeador de bienestar sexual est\u00e1 dise\u00f1ado para asegurarse de que siempre te sientas en la ola correcta.<\/p>\n<p>SKU:\tSE-4350-55-3<br \/>\nColor:\tP\u00farpura<br \/>\nTipo de material:\tSilicona, Pl\u00e1stico ABS \/ Recubrimiento Met\u00e1lico<br \/>\nFuente de alimentaci\u00f3n:\tUSB recargable (incluido)<br \/>\nCaracter\u00edsticas:\tSin ftalatos, resistente al agua, recargable, vibra<br \/>\nGarant\u00eda:\t1 a\u00f1o de garant\u00eda<br \/>\nTiempo m\u00e1ximo de ejecuci\u00f3n:\t150 minutos<br \/>\nTiempo m\u00e1ximo de carga:\t150 minutos<br \/>\nMediciones:\t4.5in x 1.5in \/ 11.5cm x 3.75cm (Eje)<br \/>\n2.25in x 1in \/ 5.75cm x 2.5cm (Estimulador)<br \/>\n\/ 0cm (Circunferencia)<\/p>\n","protected":false},"excerpt":{"rendered":"<p>Libere el movimiento del oc\u00e9ano con el California Dreaming\u00ae West Coast Wave Rider. Este hermoso juguete para adultos con el color del oc\u00e9ano est\u00e1 hecho de silicona segura para el cuerpo y es&#8230; lo adivinaste: totalmente resistente al agua, para la comodidad de un dispositivo de uso en cualquier lugar.<\/p>\n","protected":false},"featured_media":2945,"comment_status":"closed","ping_status":"closed","template":"","meta":[],"_links":{"self":[{"href":"https:\/\/travexxxuras.com\/sexshop\/wp-json\/wp\/v2\/product\/2940"}],"collection":[{"href":"https:\/\/travexxxuras.com\/sexshop\/wp-json\/wp\/v2\/product"}],"about":[{"href":"https:\/\/travexxxuras.com\/sexshop\/wp-json\/wp\/v2\/types\/product"}],"replies":[{"embeddable":true,"href":"https:\/\/travexxxuras.com\/sexshop\/wp-json\/wp\/v2\/comments?post=2940"}],"wp:featuredmedia":[{"embeddable":true,"href":"https:\/\/travexxxuras.com\/sexshop\/wp-json\/wp\/v2\/media\/2945"}],"wp:attachment":[{"href":"https:\/\/travexxxuras.com\/sexshop\/wp-json\/wp\/v2\/media?parent=2940"}],"curies":[{"name":"wp","href":"https:\/\/api.w.org\/{rel}","templated":true}]}}