{"id":2725,"date":"2022-04-26T01:21:13","date_gmt":"2022-04-26T01:21:13","guid":{"rendered":"https:\/\/travexxxuras.com\/sexshop\/?post_type=product&#038;p=2725"},"modified":"2022-04-26T01:21:13","modified_gmt":"2022-04-26T01:21:13","slug":"kit-parejas-vibradoras","status":"publish","type":"product","link":"https:\/\/travexxxuras.com\/sexshop\/producto\/kit-parejas-vibradoras\/","title":{"rendered":"Kit Parejas Vibradoras"},"content":{"rendered":"<p>Comienza la fiesta en cualquier momento y en cualquier lugar con este incre\u00edble kit de parejas vibrantes de ne\u00f3n. Perfecto para los novatos, este kit presenta una vibra de mini conejo de silicona y un anillo vibrador para el pene s\u00faper el\u00e1stico con una bala de extracci\u00f3n conveniente. Con solo presionar un bot\u00f3n, las orejas parpadeantes del conejito hacen cosquillas y estimulan las zonas er\u00f3genas sensibles con una estimulaci\u00f3n precisa, mientras que el anillo vibrador para el pene brinda un emocionante zumbido para ambos. Libre de ftalatos y seguro para el cuerpo, \u00a1este kit aumentar\u00e1 su rendimiento y placer!<\/p>\n","protected":false},"excerpt":{"rendered":"<p>Comienza la fiesta en cualquier momento y en cualquier lugar con este incre\u00edble kit de parejas vibrantes de ne\u00f3n. Perfecto para los novatos, este kit presenta una vibra de mini conejo de silicona y un anillo vibrador para el pene s\u00faper el\u00e1stico con una bala de extracci\u00f3n conveniente.<\/p>\n","protected":false},"featured_media":2726,"comment_status":"closed","ping_status":"closed","template":"","meta":[],"_links":{"self":[{"href":"https:\/\/travexxxuras.com\/sexshop\/wp-json\/wp\/v2\/product\/2725"}],"collection":[{"href":"https:\/\/travexxxuras.com\/sexshop\/wp-json\/wp\/v2\/product"}],"about":[{"href":"https:\/\/travexxxuras.com\/sexshop\/wp-json\/wp\/v2\/types\/product"}],"replies":[{"embeddable":true,"href":"https:\/\/travexxxuras.com\/sexshop\/wp-json\/wp\/v2\/comments?post=2725"}],"wp:featuredmedia":[{"embeddable":true,"href":"https:\/\/travexxxuras.com\/sexshop\/wp-json\/wp\/v2\/media\/2726"}],"wp:attachment":[{"href":"https:\/\/travexxxuras.com\/sexshop\/wp-json\/wp\/v2\/media?parent=2725"}],"curies":[{"name":"wp","href":"https:\/\/api.w.org\/{rel}","templated":true}]}}