{"id":1725,"date":"2020-09-30T05:17:18","date_gmt":"2020-09-30T05:17:18","guid":{"rendered":"https:\/\/travexxxuras.com\/sexshop\/?post_type=product&#038;p=1725"},"modified":"2020-09-30T05:17:18","modified_gmt":"2020-09-30T05:17:18","slug":"plug-anal-pequeno-booty-sparks-2","status":"publish","type":"product","link":"https:\/\/travexxxuras.com\/sexshop\/producto\/plug-anal-pequeno-booty-sparks-2\/","title":{"rendered":"Plug anal peque\u00f1o Booty Sparks"},"content":{"rendered":"<p>\u00a1Enciende tu deseo de un juego anal decadente con este hermoso enchufe Booty Sparks!\u00a0Con un acabado de metal suave en aluminio ligero, presenta una forma c\u00f3nica cl\u00e1sica y una impresionante joya de cristal en la base.\u00a0El eje delgado evitar\u00e1 que se salga de su lugar incluso durante un juego vigoroso.\u00a0Querr\u00e1s lucir tu nuevo trasero brillante mientras te inclinas y te burlas de tu amante.\u00a0La aleaci\u00f3n de aluminio sin n\u00edquel tiene un peso agradable y es sensible a la temperatura para brindar la cantidad perfecta de sensaci\u00f3n.\u00a0Cuando termina el juego, el material no poroso se limpia f\u00e1cilmente sin albergar bacterias da\u00f1inas.\u00a0\u00a1Haz brillar ese trasero!<\/p>\n<p>Dimensiones:<br \/>\nLongitud total: 2,75<br \/>\npulg\u00a0.\u00a0Insertable: 2 pulg.<br \/>\nDi\u00e1metro: 1\u00a0pulg\u00a0.<\/p>\n","protected":false},"excerpt":{"rendered":"<p>\u00a1Enciende tu deseo de un juego anal decadente con este hermoso enchufe Booty Sparks!\u00a0Con un acabado de metal suave en aluminio ligero, presenta una forma c\u00f3nica cl\u00e1sica y una impresionante joya de cristal en la base.\u00a0El eje delgado evitar\u00e1 que se salga de su lugar incluso durante un juego vigoroso.<\/p>\n","protected":false},"featured_media":1726,"comment_status":"closed","ping_status":"closed","template":"","meta":[],"_links":{"self":[{"href":"https:\/\/travexxxuras.com\/sexshop\/wp-json\/wp\/v2\/product\/1725"}],"collection":[{"href":"https:\/\/travexxxuras.com\/sexshop\/wp-json\/wp\/v2\/product"}],"about":[{"href":"https:\/\/travexxxuras.com\/sexshop\/wp-json\/wp\/v2\/types\/product"}],"replies":[{"embeddable":true,"href":"https:\/\/travexxxuras.com\/sexshop\/wp-json\/wp\/v2\/comments?post=1725"}],"wp:featuredmedia":[{"embeddable":true,"href":"https:\/\/travexxxuras.com\/sexshop\/wp-json\/wp\/v2\/media\/1726"}],"wp:attachment":[{"href":"https:\/\/travexxxuras.com\/sexshop\/wp-json\/wp\/v2\/media?parent=1725"}],"curies":[{"name":"wp","href":"https:\/\/api.w.org\/{rel}","templated":true}]}}