{"id":1424,"date":"2020-09-25T19:40:51","date_gmt":"2020-09-25T19:40:51","guid":{"rendered":"https:\/\/travexxxuras.com\/sexshop\/?post_type=product&#038;p=1424"},"modified":"2020-09-25T19:40:51","modified_gmt":"2020-09-25T19:40:51","slug":"frisky-silicone-kegel-balls","status":"publish","type":"product","link":"https:\/\/travexxxuras.com\/sexshop\/producto\/frisky-silicone-kegel-balls\/","title":{"rendered":"Frisky Silicone Kegel Balls"},"content":{"rendered":"<div>Los nuevos Pillow Talk Frisky Pleasure Balls forman un par perfecto de bolas progresivas de Kegel.\u00a0Est\u00e1n perfectamente ponderados para fortalecer los m\u00fasculos p\u00e9lvicos y aumentar la excitaci\u00f3n.\u00a0Estas bolas de placer brindan un estimulante movimiento de balanceo inspirado en los movimientos naturales.<\/div>\n<div><\/div>\n<div>Frisky tiene una textura de coj\u00edn acolchado que ayuda a mantenerlos en su lugar y un elegante cord\u00f3n de silicona que deslumbra con el cristal Swarovski\u00ae.<\/div>\n<div><\/div>\n<div>Caracter\u00edsticas principales:<\/div>\n<div>\n<ul>\n<li>Acabado de silicona s\u00faper sedoso de alto grado<\/li>\n<li>Flexible<\/li>\n<li>C\u00f3modo agarre con textura de coj\u00edn<\/li>\n<li>Deslumbra con cristal Swarovski<\/li>\n<li>Dise\u00f1o elegante<\/li>\n<\/ul>\n<\/div>\n<div><\/div>\n<div>Peso: 57 g (bola \u00fanica), 73 g (bolas d\u00fao)<\/div>\n<div>Longitud &#8211; 203 mm<\/div>\n<div>Di\u00e1metro &#8211; 32 mm<\/div>\n<div>\n<ul>\n<li>Material: silicona<\/li>\n<li>Energizado por:<\/li>\n<\/ul>\n<\/div>\n","protected":false},"excerpt":{"rendered":"<p>Los nuevos Pillow Talk Frisky Pleasure Balls forman un par perfecto de bolas progresivas de Kegel.\u00a0Est\u00e1n perfectamente ponderados para fortalecer los m\u00fasculos p\u00e9lvicos y aumentar la excitaci\u00f3n.\u00a0Estas bolas de placer brindan un estimulante movimiento de balanceo inspirado en los movimientos naturales.<\/p>\n","protected":false},"featured_media":1427,"comment_status":"closed","ping_status":"closed","template":"","meta":[],"_links":{"self":[{"href":"https:\/\/travexxxuras.com\/sexshop\/wp-json\/wp\/v2\/product\/1424"}],"collection":[{"href":"https:\/\/travexxxuras.com\/sexshop\/wp-json\/wp\/v2\/product"}],"about":[{"href":"https:\/\/travexxxuras.com\/sexshop\/wp-json\/wp\/v2\/types\/product"}],"replies":[{"embeddable":true,"href":"https:\/\/travexxxuras.com\/sexshop\/wp-json\/wp\/v2\/comments?post=1424"}],"wp:featuredmedia":[{"embeddable":true,"href":"https:\/\/travexxxuras.com\/sexshop\/wp-json\/wp\/v2\/media\/1427"}],"wp:attachment":[{"href":"https:\/\/travexxxuras.com\/sexshop\/wp-json\/wp\/v2\/media?parent=1424"}],"curies":[{"name":"wp","href":"https:\/\/api.w.org\/{rel}","templated":true}]}}