{"id":1248,"date":"2020-09-24T05:11:37","date_gmt":"2020-09-24T05:11:37","guid":{"rendered":"https:\/\/travexxxuras.com\/sexshop\/?post_type=product&#038;p=1248"},"modified":"2022-04-21T23:12:38","modified_gmt":"2022-04-21T23:12:38","slug":"loverboy-papito-latin","status":"publish","type":"product","link":"https:\/\/travexxxuras.com\/sexshop\/producto\/loverboy-papito-latin\/","title":{"rendered":"Loverboy &#8211; Papito &#8211; Lat\u00edn"},"content":{"rendered":"<p>\u00a1Hola papi!\u00a0Este semental latino quiere venir y mostrarte con qu\u00e9 est\u00e1 trabajando.\u00a0Su herramienta \u00fanica es generosamente curvada, perfecta para la estimulaci\u00f3n del punto g o del punto p.\u00a0Con su potente ventosa compatible con arn\u00e9s, est\u00e1 listo para ir cuando y donde quiera que est\u00e9.\u00a0Los detalles y texturas realistas hacen de este el paquete completo.<\/p>\n<div>Tipo de material: PVC<\/div>\n<div>Textura: realista<\/div>\n<div>Libre de ftalato:<\/div>\n<div>Tipo de bater\u00edas: N \/ A<\/div>\n<div>Color: latino<\/div>\n<p>Longitud insertable: 5.80 pulgadas<\/p>\n<div>\n<div>\n<p>Circunferencia:<\/p>\n<div>\n<p>Largo: 6.5 pulgadas<\/p>\n<div>\n<p>Ancho: 1.5 pulgadas<\/p>\n<div>\n<p>Peso del producto: 8,9 onzas<\/p>\n<div>\n<p>Bater\u00edas: N \/ A<\/p>\n<div>N\u00famero de bater\u00edas:<\/div>\n<\/div>\n<\/div>\n<\/div>\n<\/div>\n<\/div>\n<\/div>\n","protected":false},"excerpt":{"rendered":"<p>\u00a1Hola papi!\u00a0Este semental latino quiere venir y mostrarte con qu\u00e9 est\u00e1 trabajando.\u00a0Su herramienta \u00fanica es generosamente curvada, perfecta para la estimulaci\u00f3n del punto g o del punto p.\u00a0Con su potente ventosa compatible con arn\u00e9s, est\u00e1 listo para ir cuando y donde quiera que est\u00e9.\u00a0Los detalles y texturas realistas hacen de este el paquete completo.<\/p>\n","protected":false},"featured_media":1250,"comment_status":"closed","ping_status":"closed","template":"","meta":[],"_links":{"self":[{"href":"https:\/\/travexxxuras.com\/sexshop\/wp-json\/wp\/v2\/product\/1248"}],"collection":[{"href":"https:\/\/travexxxuras.com\/sexshop\/wp-json\/wp\/v2\/product"}],"about":[{"href":"https:\/\/travexxxuras.com\/sexshop\/wp-json\/wp\/v2\/types\/product"}],"replies":[{"embeddable":true,"href":"https:\/\/travexxxuras.com\/sexshop\/wp-json\/wp\/v2\/comments?post=1248"}],"wp:featuredmedia":[{"embeddable":true,"href":"https:\/\/travexxxuras.com\/sexshop\/wp-json\/wp\/v2\/media\/1250"}],"wp:attachment":[{"href":"https:\/\/travexxxuras.com\/sexshop\/wp-json\/wp\/v2\/media?parent=1248"}],"curies":[{"name":"wp","href":"https:\/\/api.w.org\/{rel}","templated":true}]}}