{"id":1102,"date":"2020-09-23T17:54:15","date_gmt":"2020-09-23T17:54:15","guid":{"rendered":"https:\/\/travexxxuras.com\/sexshop\/?post_type=product&#038;p=1102"},"modified":"2022-01-28T18:42:28","modified_gmt":"2022-01-28T18:42:28","slug":"consolador-sweet-n-small-de-4%e2%80%b3-con-ventosa-rosa","status":"publish","type":"product","link":"https:\/\/travexxxuras.com\/sexshop\/producto\/consolador-sweet-n-small-de-4%e2%80%b3-con-ventosa-rosa\/","title":{"rendered":"Consolador 4\u2033 con ventosa &#8211; Rosa"},"content":{"rendered":"<p>\u00a1El consolador con ventosa Sweet n &#8216;Small de 4 pulgadas ofrece una estimulaci\u00f3n realista en un tama\u00f1o compacto!\u00a0Ideal para un principiante o cualquier persona que quiera un toque m\u00e1s suave, Sweet N &#8216;Small 4.5 pulgadas ofrece 3.75 pulgadas de largo insertable y 1.25 pulgadas de ancho.\u00a0Su base de ventosa resistente se sujeta firmemente a cualquier superficie lisa, o \u00faselo en un arn\u00e9s para divertirse sensual con su pareja.\u00a0Los consoladores Sweet n &#8216;Small est\u00e1n hechos de PVC blando, que es seguro para el cuerpo y no contiene ftalatos.\u00a0Disponible en 3 deliciosos colores dulces como una roca: morado, rosa y azul.\u00a0F\u00e1cil de cuidar: simplemente l\u00e1velo con agua y jab\u00f3n o limpiador de juguetes, luego d\u00e9jelo secar al aire antes de guardarlo.<\/p>\n<div>Tipo de material: PVC<\/div>\n<div>Textura: realista<\/div>\n<div>Libre de ftalato:<\/div>\n<div>Tipo de bater\u00edas: N \/ A<\/div>\n<div>Color rosa<\/div>\n<p>Longitud insertable: 3,75 pulgadas<\/p>\n<div>\n<div>\n<p>Circunferencia:<\/p>\n<div>\n<p>Largo: 4.5 pulgadas<\/p>\n<div>\n<p>Ancho: 1,25 pulgadas<\/p>\n<div>\n<p>Peso del producto: 2,7 onzas<\/p>\n<div>\n<p>Bater\u00edas: N \/ A<\/p>\n<div>N\u00famero de bater\u00edas: 0<\/div>\n<\/div>\n<\/div>\n<\/div>\n<\/div>\n<\/div>\n<\/div>\n","protected":false},"excerpt":{"rendered":"<p>\u00a1El consolador con ventosa Sweet n &#8216;Small de 4 pulgadas ofrece una estimulaci\u00f3n realista en un tama\u00f1o compacto!\u00a0Ideal para un principiante o cualquier persona que quiera un toque m\u00e1s suave, Sweet N &#8216;Small 4.5 pulgadas ofrece 3.75 pulgadas de largo insertable y 1.25 pulgadas de ancho.\u00a0Su base de ventosa resistente se sujeta firmemente a cualquier superficie lisa, o \u00faselo en un arn\u00e9s para divertirse sensual con su pareja.<\/p>\n","protected":false},"featured_media":1107,"comment_status":"closed","ping_status":"closed","template":"","meta":[],"_links":{"self":[{"href":"https:\/\/travexxxuras.com\/sexshop\/wp-json\/wp\/v2\/product\/1102"}],"collection":[{"href":"https:\/\/travexxxuras.com\/sexshop\/wp-json\/wp\/v2\/product"}],"about":[{"href":"https:\/\/travexxxuras.com\/sexshop\/wp-json\/wp\/v2\/types\/product"}],"replies":[{"embeddable":true,"href":"https:\/\/travexxxuras.com\/sexshop\/wp-json\/wp\/v2\/comments?post=1102"}],"wp:featuredmedia":[{"embeddable":true,"href":"https:\/\/travexxxuras.com\/sexshop\/wp-json\/wp\/v2\/media\/1107"}],"wp:attachment":[{"href":"https:\/\/travexxxuras.com\/sexshop\/wp-json\/wp\/v2\/media?parent=1102"}],"curies":[{"name":"wp","href":"https:\/\/api.w.org\/{rel}","templated":true}]}}