{"id":1090,"date":"2020-09-23T17:09:06","date_gmt":"2020-09-23T17:09:06","guid":{"rendered":"https:\/\/travexxxuras.com\/sexshop\/?post_type=product&#038;p=1090"},"modified":"2022-01-28T18:52:13","modified_gmt":"2022-01-28T18:52:13","slug":"mini-polla-de-5-pulgadas-purpura","status":"publish","type":"product","link":"https:\/\/travexxxuras.com\/sexshop\/producto\/mini-polla-de-5-pulgadas-purpura\/","title":{"rendered":"Mini polla de 5 pulgadas &#8211; P\u00farpura"},"content":{"rendered":"<p>De tama\u00f1o perfecto para aquellos a los que les gusta algo un poco m\u00e1s peque\u00f1o, es el Mini Cock Naturally Yours.\u00a0Esculpido a mano para verse y sentirse como algo real.\u00a0La base de la ventosa se adhiere a casi cualquier superficie lisa y plana y es compatible con arn\u00e9s.\u00a0El Naturally Yours Mini Cock est\u00e1 dise\u00f1ado para juego en solitario, juego en pareja, penetraci\u00f3n y vinculaci\u00f3n.\u00a0El peque\u00f1o tama\u00f1o lo hace ideal para principiantes.\u00a0Hecho de TPE.\u00a0No contiene fragancias, ftalatos, parafinas ni l\u00e1tex.\u00a0Nuestros productos son probados por terceros para garantizar la seguridad del producto.\u00a0Nuestros materiales cumplen con los requisitos de seguridad internacionales.\u00a0Verifique que su producto sea genuino rascando la etiqueta del c\u00f3digo que se puede verificar en nuestro sitio web.\u00a0Si el producto no es genuino, comun\u00edquese con el vendedor y solicite un reembolso e inf\u00f3rmenos de este delito de inmediato.\u00a0Es tu cuerpo, ten en cuenta lo que le pones<\/p>\n<div>Tipo de material: TPE<\/div>\n<div>Textura: realista<\/div>\n<div>Libre de ftalato:<\/div>\n<div>Tipo de bater\u00edas: N \/ A<\/div>\n<div>Color morado<\/div>\n<p>Longitud insertable: 5 pulgadas<\/p>\n<div>\n<div>Circunferencia:<\/p>\n<div>Largo: 5.75 pulgadas<\/p>\n<div>Ancho: 1 pulgada<\/p>\n<div>Peso del producto: 2,7 onzas<\/p>\n<div>Bater\u00edas: N \/ A<\/p>\n<div>N\u00famero de bater\u00edas:<\/div>\n<\/div>\n<\/div>\n<\/div>\n<\/div>\n<\/div>\n<\/div>\n","protected":false},"excerpt":{"rendered":"<p>De tama\u00f1o perfecto para aquellos a los que les gusta algo un poco m\u00e1s peque\u00f1o, es el Mini Cock Naturally Yours.\u00a0Esculpido a mano para verse y sentirse como algo real.\u00a0La base de la ventosa se adhiere a casi cualquier superficie lisa y plana y es compatible con arn\u00e9s.\u00a0El Naturally Yours Mini Cock est\u00e1 dise\u00f1ado para juego en solitario, juego en pareja, penetraci\u00f3n y vinculaci\u00f3n.<\/p>\n","protected":false},"featured_media":1094,"comment_status":"closed","ping_status":"closed","template":"","meta":[],"_links":{"self":[{"href":"https:\/\/travexxxuras.com\/sexshop\/wp-json\/wp\/v2\/product\/1090"}],"collection":[{"href":"https:\/\/travexxxuras.com\/sexshop\/wp-json\/wp\/v2\/product"}],"about":[{"href":"https:\/\/travexxxuras.com\/sexshop\/wp-json\/wp\/v2\/types\/product"}],"replies":[{"embeddable":true,"href":"https:\/\/travexxxuras.com\/sexshop\/wp-json\/wp\/v2\/comments?post=1090"}],"wp:featuredmedia":[{"embeddable":true,"href":"https:\/\/travexxxuras.com\/sexshop\/wp-json\/wp\/v2\/media\/1094"}],"wp:attachment":[{"href":"https:\/\/travexxxuras.com\/sexshop\/wp-json\/wp\/v2\/media?parent=1090"}],"curies":[{"name":"wp","href":"https:\/\/api.w.org\/{rel}","templated":true}]}}