{"id":132,"date":"2017-10-25T03:32:00","date_gmt":"2017-10-25T03:32:00","guid":{"rendered":"http:\/\/travexxxuras.com\/sexshop\/?page_id=132"},"modified":"2017-11-11T15:03:16","modified_gmt":"2017-11-11T15:03:16","slug":"reembolso","status":"publish","type":"page","link":"https:\/\/travexxxuras.com\/sexshop\/reembolso\/","title":{"rendered":"Reembolso"},"content":{"rendered":"<h3 class=\"page-header\">Pol\u00edticas &amp; Reembolso<\/h3>\n<p>Los productos de <b>Sexshop Travexxxuras<\/b><strong>\u00a0,\u00a0<\/strong>estan dirigidos \u00a0a consumidores a partir de los 18 a\u00f1os de edad.<\/p>\n<p><strong>Paquetes y env\u00edos<\/strong><\/p>\n<p>Todos nuestros pedidos se envian en cajas de cart\u00f3n sin \u00a0ningun tipo de rese\u00f1a de lo que transporta.<\/p>\n<p>El mensajero le entregar\u00e1 el paquete sin conocer lo que contiene, ya que no lleva ninguna identificaci\u00f3n.<\/p>\n<p><strong>El remitente<\/strong><\/p>\n<p>Para garantizar la m\u00e1xima discreci\u00f3n en la entrega, el remitente del env\u00edo es\u00a0<strong>INVERSIONES H.V.Z IMPORT SAC<\/strong>.<\/p>\n<p><strong>Los datos son informaci\u00f3n confidencial<\/strong><\/p>\n<p>Garantizando la intimidad personal y familiar de nuestros clientes. Jam\u00e1s utilizamos nuestra base de datos con ning\u00fan fin publicitario ni vendidos a terceros. Si deseas mantenerte informado de noticias, novedades y ofertas debes expresar vuestro deseo de que as\u00ed sea.<\/p>\n<p><strong>Recogida en Oficina de Correos.<\/strong><\/p>\n<p>Si no deseas que el pedido se entrege en tu domicilio, podemos enviartelo por correos y que tu te acerques a la oficina mas cercana. Simplemente tienes que informarnoslo en los comentarios al realizar el pedido en nuestro sexshop online.<\/p>\n<p><strong>Entrega por la ma\u00f1ana o por la tarde.<\/strong><\/p>\n<p>Si te viene mejor recibir el paquete por la ma\u00f1ana o por la tarde tambi\u00e9n puedes inform\u00e1rnoslo y nosotros te lo enviaremos con una u otra compa\u00f1\u00eda para adaptarnos a tu horario.<\/p>\n","protected":false},"excerpt":{"rendered":"<p>Pol\u00edticas &amp; Reembolso Los productos de Sexshop Travexxxuras\u00a0,\u00a0estan dirigidos \u00a0a consumidores a partir de los 18 a\u00f1os de edad. Paquetes y env\u00edos Todos nuestros pedidos se envian en cajas de cart\u00f3n sin \u00a0ningun tipo de rese\u00f1a de lo que transporta. El mensajero le entregar\u00e1 el paquete sin conocer lo que contiene, ya que no lleva [&hellip;]<\/p>\n","protected":false},"author":1,"featured_media":0,"parent":0,"menu_order":0,"comment_status":"closed","ping_status":"closed","template":"","meta":[],"_links":{"self":[{"href":"https:\/\/travexxxuras.com\/sexshop\/wp-json\/wp\/v2\/pages\/132"}],"collection":[{"href":"https:\/\/travexxxuras.com\/sexshop\/wp-json\/wp\/v2\/pages"}],"about":[{"href":"https:\/\/travexxxuras.com\/sexshop\/wp-json\/wp\/v2\/types\/page"}],"author":[{"embeddable":true,"href":"https:\/\/travexxxuras.com\/sexshop\/wp-json\/wp\/v2\/users\/1"}],"replies":[{"embeddable":true,"href":"https:\/\/travexxxuras.com\/sexshop\/wp-json\/wp\/v2\/comments?post=132"}],"version-history":[{"count":3,"href":"https:\/\/travexxxuras.com\/sexshop\/wp-json\/wp\/v2\/pages\/132\/revisions"}],"predecessor-version":[{"id":219,"href":"https:\/\/travexxxuras.com\/sexshop\/wp-json\/wp\/v2\/pages\/132\/revisions\/219"}],"wp:attachment":[{"href":"https:\/\/travexxxuras.com\/sexshop\/wp-json\/wp\/v2\/media?parent=132"}],"curies":[{"name":"wp","href":"https:\/\/api.w.org\/{rel}","templated":true}]}}